{"id":1787,"date":"2021-01-10T18:12:44","date_gmt":"2021-01-10T17:12:44","guid":{"rendered":"http:\/\/meditentramis.net\/?page_id=1787"},"modified":"2022-05-09T14:53:56","modified_gmt":"2022-05-09T12:53:56","slug":"retraites-individuelles-a-la-mudita","status":"publish","type":"page","link":"https:\/\/meditentramis.net\/index.php\/retraites-individuelles-a-la-mudita\/","title":{"rendered":"S\u00e9jours individuels chez Yannick \u00e0 La Mudit\u0101"},"content":{"rendered":"<h6 align=\"justify\"><span style=\"color: #800080;\"><b><span class=\"VIiyi\" lang=\"en\"><span class=\"JLqJ4b ChMk0b\" data-language-for-alternatives=\"en\" data-language-to-translate-into=\"fr\" data-phrase-index=\"0\">Individual stays at Yannick&#8217;s<\/span><\/span><\/b><\/span><\/h6>\n<pre><span class=\"VIiyi\" lang=\"en\"><span class=\"JLqJ4b ChMk0b\" data-language-for-alternatives=\"en\" data-language-to-translate-into=\"fr\" data-phrase-index=\"0\"><span style=\"color: #800000;\"><span style=\"color: #800080;\">This page is written in french and in english<\/span>.<\/span> Cette page est \u00e9crite en francais et en anglais.<\/span><\/span><\/pre>\n<p align=\"justify\"><span class=\"VIiyi\" lang=\"en\"><span class=\"JLqJ4b ChMk0b\" data-language-for-alternatives=\"en\" data-language-to-translate-into=\"fr\" data-phrase-index=\"0\">Les s\u00e9jours individuels sont des retraites individuelles et constituent une des activit\u00e9s propos\u00e9es dans le cadre du projet <a href=\"https:\/\/meditentramis.net\/\">Medit&#8217;Entr&#8217;Amis<\/a>. Yannick peut recevoir pour quelques jours (4 jours minimum) des personnes int\u00e9ress\u00e9es par un tel s\u00e9jour. Vous vivrez dans le calme, pratiquerez la m\u00e9ditation et participerez \u00e0 la vie communautaire. Voici quelques informations qui vous seront utiles avant de faire votre demande.<\/span><\/span><\/p>\n<p align=\"justify\"><span style=\"color: #800080;\">Individual stays are one of the activities offered as part of the <a style=\"color: #800080;\" href=\"https:\/\/meditentramis.net\/index.php\/mindfulness-meditation-in-britanny\/\">Medit&#8217;Entr&#8217;Amis<\/a> project.<span class=\"VIiyi\" lang=\"en\"><span class=\"JLqJ4b ChMk0b\" data-language-for-alternatives=\"en\" data-language-to-translate-into=\"fr\" data-phrase-index=\"0\"> Yannick can host for a few days (4 days minimum) people interested in an individual stay. You will live in peace, practice meditation and participate in community life. Here is some information that will be useful to you before making your request.<\/span><\/span><\/span><\/p>\n<h6 align=\"justify\"><strong>La vie \u00e0 la Mudit\u0101<br \/><span style=\"color: #800080;\">Life at La Mudit\u0101<\/span><br \/><\/strong><\/h6>\n<p align=\"justify\">La vie \u00e0 la Mudit\u0101 est une vie simple, communautaire.<br \/><span lang=\"en-US\">La maison est une maison compos\u00e9e de plusieurs chambres qui est situ\u00e9e sur un terrain arbor\u00e9 dans une commune du d\u00e9partement du Finist\u00e8re en Bretagne.<\/span><\/p>\n<p align=\"justify\"><span style=\"color: #800080;\">Life at Mudit\u0101 is a simple, community life.<br \/><\/span><span lang=\"en-US\" style=\"color: #800080;\">The house is a house composed of several rooms and is located on a wooded plot in a commune of the department of Finist\u00e8re in Brittany.<\/span><\/p>\n<p align=\"justify\"><strong>Les s\u00e9ances de m\u00e9ditations du matin et du soir<\/strong><br \/>Nous pratiquons la m\u00e9ditation de pleine conscience (vipassana) lors des s\u00e9ances du matin de 7H \u00e0 8H et du soir de 21H \u00e0 22H tous les jours sauf le vendredi soir, le samedi soir et le dimanche matin. Nous essayons d&#8217;assister \u00e0 l&#8217;ensemble des s\u00e9ances.<br \/>Actuellement, une s\u00e9ance de Yoga a lieu juste avant la m\u00e9ditation du matin de 7H \u00e0 7H30.<\/p>\n<p align=\"justify\"><strong><span style=\"color: #800080;\">Morning and evening meditation sessions<\/span><\/strong><br \/><span style=\"color: #800080;\">We practice mindfulness meditation (vipassana) during the morning sessions from 7 a.m. to 8 a.m. and in the evening from 9 p.m. to 10 p.m. We try to attend all the sessions. These days, a yoga session takes place just before the morning meditation from 7 a.m. to 7:30 a.m..<br \/><\/span><\/p>\n<p align=\"justify\"><strong>repas et t\u00e2ches collectives<br \/><\/strong>Le petit d\u00e9jeuner est \u00e0 8H, le d\u00e9jeuner vers 12H45 et le diner (l\u00e9ger) vers 18H45. Les repas sont simples, sans alcool et sont adapt\u00e9s dans la mesure du possible aux membres pr\u00e9sents (v\u00e9g\u00e9tarien, vegan). Le diner est un repas l\u00e9ger.<br \/>Nous participons tous \u00e0 la conception et \u00e0 la pr\u00e9paration des repas et aux travaux m\u00e9nagers.<br \/><span style=\"color: #993366;\"><strong>Meals and Collective tasks<\/strong><\/span><br \/><span style=\"color: #800080;\">Breakfast is at 8 a.m., lunch around 12:45 p.m. and dinner (light) around 6:45 p.m. The meals are simple, alcohol-free and are adapted as far as possible to the members present (vegetarian, vegan). Dinner is a light meal.<\/span> <span style=\"color: #800080;\">We all participate in the design and preparation of meals and housework.<\/span><\/p>\n<p align=\"justify\"><strong>Respect <em><br \/><\/em><\/strong>Nous essayons de veiller au bien \u00eatre de tous.<br \/>Nous apprenons \u00e0 respecter les opinions de chacun sans chercher \u00e0 imposer les n\u00f4tres et ce dans tous les domaines : politique, religion, sant\u00e9, cuisine &#8230;<br \/><strong><span style=\"color: #800080;\">Respect<\/span><\/strong><br \/><span style=\"color: #800080;\">We try to ensure the well-being of all of us.<\/span><br \/><span style=\"color: #800080;\">We learn to respect everyone&#8217;s opinions without trying to impose our own in all areas: politics, religion, health, cooking &#8230;<\/span><\/p>\n<p align=\"justify\"><strong>Le silence<br \/><\/strong>Nous respectons le silence du lieu. En particulier, un silence attentif est observ\u00e9 du d\u00e9but de la m\u00e9ditation du soir \u00e0 la fin de la m\u00e9ditation du matin.<br \/>Les smartphones et autres dispositifs connect\u00e9s sont laiss\u00e9s dans les chambres. <br \/><span style=\"color: #800080;\"><strong>The silence<\/strong><\/span><br \/><span style=\"color: #800080;\">We respect the silence of the place. In particular, attentive silence is observed from the start of the evening meditation until the end of the morning meditation.<\/span><br \/><span style=\"color: #800080;\">Smartphones and other connected devices are left in the rooms.<\/span><\/p>\n<p><strong>Un exemple de planning des journ\u00e9es<br \/>(les parties en italique vert sont optionnelles, discut\u00e9es avant le d\u00e9but du s\u00e9jour)<br \/><\/strong><strong>matin\u00e9e :<br \/><\/strong>7H \u00e0 8H :\u00a0 <em>yoga &#8211;<\/em> <em>m\u00e9ditation <\/em><br \/><em> 8H Petit d\u00e9jeuner<\/em><br \/><em>9h30 cuisine et travaux m\u00e9nagers<br \/><span style=\"color: #008000;\">10h30 m\u00e9ditations assise et march\u00e9e\u00a0\u00a0<\/span> <br \/>12H15 pr\u00e9paration du d\u00e9jeuner<br \/>12H45 d\u00e9jeuner<br \/><\/em><strong>apr\u00e8s midi :<\/strong><br \/><span style=\"color: #008000;\"><em>15H m\u00e9ditations assise et march\u00e9e (parfois promenade m\u00e9ditative)<br \/>17H\u00a0 <\/em><\/span><em><span style=\"color: #008000;\">film ou enseignement ou yoga<\/span> <span style=\"color: #008000;\">ou autre activit\u00e9<br \/><\/span><\/em><strong>soir\u00e9e :<\/strong><br \/><em>18H00 pr\u00e9paration du diner<br \/><\/em><i><\/i><i>18H45<\/i><i> d\u00eener l\u00e9ger<br \/><span style=\"color: #008000;\">20H00 <em>selon les jours :\u00a0 ballade, film, enseignement audio ou vid\u00e9o<\/em><\/span><br \/><\/i><i>\u00e0 partir de 21H jusqu&#8217;\u00e0 22H :<\/i><i> m\u00e9ditation assise <\/i><i><br \/><\/i><i>22H<\/i><i> repos<br \/><\/i><i>silence jusqu&#8217;\u00e0 8H le lendemain<\/i><\/p>\n<h6 align=\"justify\"><strong>Vous souhaitez faire un s\u00e9jour individuel ?<br \/><\/strong><span style=\"color: #993366;\">Would you like to make an individual stay?<\/span><\/h6>\n<p align=\"justify\">Les s\u00e9jours individuels propos\u00e9s par l&#8217;association sont adapt\u00e9s aussi bien aux personnes avec tr\u00e8s peu d&#8217;exp\u00e9rience en m\u00e9ditation qu&#8217;aux m\u00e9ditants exp\u00e9riment\u00e9s. Lorsque cela peut s&#8217;av\u00e9rer int\u00e9ressant, des s\u00e9ances de m\u00e9ditations guid\u00e9es peuvent \u00eatre organis\u00e9es. De m\u00eame, des enseignements vid\u00e9os ou au visionnage de films li\u00e9s \u00e0 la vie en pleine pr\u00e9sence peuvent \u00eatre propos\u00e9s. Les s\u00e9jours sont enti\u00e8rement offerts par l&#8217;association (h\u00e9bergement et restauration). En fin de s\u00e9jour, vous pouvez <a href=\"https:\/\/meditentramis.net\/index.php\/association-meditentramis\/\">faire un don \u00e0 l&#8217;association<\/a> pour financer les s\u00e9jours de ceux qui vous suivront.<br \/><span style=\"color: #800080;\">The individual stays offered by the association are suitable for people with very little experience in meditation as well as experienced meditators. When it may be interesting, guided meditation sessions can be arranged. Similarly, video lessons or the viewing of films related to life in full presence can be offered. Stays are offered by the association (accommodation and catering). At the end of your stay, you can <a style=\"color: #800080;\" href=\"https:\/\/meditentramis.net\/index.php\/association-meditentramis\/\">make a donation to the association<\/a> to finance the stays of those who will follow you.<\/span><\/p>\n<div data-size=\"s\">\u00a0<\/div>\n<p align=\"justify\"><span style=\"color: #000000;\">Si vous \u00eates int\u00e9ress\u00e9s par un s\u00e9jour individuel, nous vous remercions de <a href=\"https:\/\/meditentramis.net\/index.php\/contacter\/\">contacter l&#8217;association<\/a>. Nous discuterons et d\u00e9ciderons des dates et de la dur\u00e9e de ce s\u00e9jour. Vous pouvez \u00e9galement voir <a href=\"https:\/\/meditentramis.net\/index.php\/temoignages-apres-un-sejour-individuel\/\">quelques t\u00e9moignages<\/a> de personnes ayant fait un tel s\u00e9jour.<br \/><\/span><span style=\"color: #800080;\"><span class=\"VIiyi\" lang=\"en\"><span class=\"JLqJ4b ChMk0b\" data-language-for-alternatives=\"en\" data-language-to-translate-into=\"fr\" data-phrase-index=\"0\">If you are interested in an individual stay, please <\/span><span class=\"JLqJ4b ChMk0b\" data-language-for-alternatives=\"en\" data-language-to-translate-into=\"fr\" data-phrase-index=\"1\"><a style=\"color: #800080;\" href=\"https:\/\/meditentramis.net\/index.php\/contacter\/\">contact us<\/a>.<\/span> <span class=\"JLqJ4b ChMk0b\" data-language-for-alternatives=\"en\" data-language-to-translate-into=\"fr\" data-phrase-index=\"2\">We will discuss and decide on the dates and duration of this stay. <\/span><\/span>You can also see <a style=\"color: #800080;\" href=\"https:\/\/meditentramis.net\/index.php\/temoignages-apres-un-sejour-individuel\/\">some testimonials<\/a> (in french language) from people who have made such a stay.<\/span><\/p>\n<p align=\"justify\"><span style=\"color: #0000ff;\">\u00a0<\/span><\/p>\n\n\n<p><\/p>\n","protected":false},"excerpt":{"rendered":"<p>Individual stays at Yannick&#8217;s This page is written in french and in english. Cette page est \u00e9crite en francais et en anglais. Les s\u00e9jours individuels sont des retraites individuelles et constituent une des activit\u00e9s propos\u00e9es dans le cadre du projet Medit&#8217;Entr&#8217;Amis. Yannick peut recevoir pour quelques jours (4 jours minimum) des personnes int\u00e9ress\u00e9es par un &hellip; <a href=\"https:\/\/meditentramis.net\/index.php\/retraites-individuelles-a-la-mudita\/\" class=\"more-link\">Continue reading<span class=\"screen-reader-text\"> &#8220;S\u00e9jours individuels chez Yannick \u00e0 La Mudit\u0101&#8221;<\/span><\/a><\/p>\n","protected":false},"author":1,"featured_media":0,"parent":0,"menu_order":0,"comment_status":"closed","ping_status":"closed","template":"","meta":{"footnotes":""},"_links":{"self":[{"href":"https:\/\/meditentramis.net\/index.php\/wp-json\/wp\/v2\/pages\/1787"}],"collection":[{"href":"https:\/\/meditentramis.net\/index.php\/wp-json\/wp\/v2\/pages"}],"about":[{"href":"https:\/\/meditentramis.net\/index.php\/wp-json\/wp\/v2\/types\/page"}],"author":[{"embeddable":true,"href":"https:\/\/meditentramis.net\/index.php\/wp-json\/wp\/v2\/users\/1"}],"replies":[{"embeddable":true,"href":"https:\/\/meditentramis.net\/index.php\/wp-json\/wp\/v2\/comments?post=1787"}],"version-history":[{"count":65,"href":"https:\/\/meditentramis.net\/index.php\/wp-json\/wp\/v2\/pages\/1787\/revisions"}],"predecessor-version":[{"id":3325,"href":"https:\/\/meditentramis.net\/index.php\/wp-json\/wp\/v2\/pages\/1787\/revisions\/3325"}],"wp:attachment":[{"href":"https:\/\/meditentramis.net\/index.php\/wp-json\/wp\/v2\/media?parent=1787"}],"curies":[{"name":"wp","href":"https:\/\/api.w.org\/{rel}","templated":true}]}}

Séjours individuels chez Yannick à La Muditā

<h6 align="justify"><span style="color: #800080;"><b><span class="VIiyi" lang="en"><span class="JLqJ4b ChMk0b" data-language-for-alternatives="en" data-language-to-translate-into="fr" data-phrase-index="0">Individual stays at Yannick&#8217;s</span></span></b></span></h6>
<pre><span class="VIiyi" lang="en"><span class="JLqJ4b ChMk0b" data-language-for-alternatives="en" data-language-to-translate-into="fr" data-phrase-index="0"><span style="color: #800000;"><span style="color: #800080;">This page is written in french and in english</span>.</span> Cette page est écrite en francais et en anglais.</span></span></pre>
<p align="justify"><span class="VIiyi" lang="en"><span class="JLqJ4b ChMk0b" data-language-for-alternatives="en" data-language-to-translate-into="fr" data-phrase-index="0">Les séjours individuels sont des retraites individuelles et constituent une des activités proposées dans le cadre du projet <a href="https://meditentramis.net/">Medit&#8217;Entr&#8217;Amis</a>. Yannick peut recevoir pour quelques jours (4 jours minimum) des personnes intéressées par un tel séjour. Vous vivrez dans le calme, pratiquerez la méditation et participerez à la vie communautaire. Voici quelques informations qui vous seront utiles avant de faire votre demande.</span></span></p>
<p align="justify"><span style="color: #800080;">Individual stays are one of the activities offered as part of the <a style="color: #800080;" href="https://meditentramis.net/index.php/mindfulness-meditation-in-britanny/">Medit&#8217;Entr&#8217;Amis</a> project.<span class="VIiyi" lang="en"><span class="JLqJ4b ChMk0b" data-language-for-alternatives="en" data-language-to-translate-into="fr" data-phrase-index="0"> Yannick can host for a few days (4 days minimum) people interested in an individual stay. You will live in peace, practice meditation and participate in community life. Here is some information that will be useful to you before making your request.</span></span></span></p>
<h6 align="justify"><strong>La vie à la Muditā<br /><span style="color: #800080;">Life at La Muditā</span><br /></strong></h6>
<p align="justify">La vie à la Muditā est une vie simple, communautaire.<br /><span lang="en-US">La maison est une maison composée de plusieurs chambres qui est située sur un terrain arboré dans une commune du département du Finistère en Bretagne.</span></p>
<p align="justify"><span style="color: #800080;">Life at Muditā is a simple, community life.<br /></span><span lang="en-US" style="color: #800080;">The house is a house composed of several rooms and is located on a wooded plot in a commune of the department of Finistère in Brittany.</span></p>
<p align="justify"><strong>Les séances de méditations du matin et du soir</strong><br />Nous pratiquons la méditation de pleine conscience (vipassana) lors des séances du matin de 7H à 8H et du soir de 21H à 22H tous les jours sauf le vendredi soir, le samedi soir et le dimanche matin. Nous essayons d&#8217;assister à l&#8217;ensemble des séances.<br />Actuellement, une séance de Yoga a lieu juste avant la méditation du matin de 7H à 7H30.</p>
<p align="justify"><strong><span style="color: #800080;">Morning and evening meditation sessions</span></strong><br /><span style="color: #800080;">We practice mindfulness meditation (vipassana) during the morning sessions from 7 a.m. to 8 a.m. and in the evening from 9 p.m. to 10 p.m. We try to attend all the sessions. These days, a yoga session takes place just before the morning meditation from 7 a.m. to 7:30 a.m..<br /></span></p>
<p align="justify"><strong>repas et tâches collectives<br /></strong>Le petit déjeuner est à 8H, le déjeuner vers 12H45 et le diner (léger) vers 18H45. Les repas sont simples, sans alcool et sont adaptés dans la mesure du possible aux membres présents (végétarien, vegan). Le diner est un repas léger.<br />Nous participons tous à la conception et à la préparation des repas et aux travaux ménagers.<br /><span style="color: #993366;"><strong>Meals and Collective tasks</strong></span><br /><span style="color: #800080;">Breakfast is at 8 a.m., lunch around 12:45 p.m. and dinner (light) around 6:45 p.m. The meals are simple, alcohol-free and are adapted as far as possible to the members present (vegetarian, vegan). Dinner is a light meal.</span> <span style="color: #800080;">We all participate in the design and preparation of meals and housework.</span></p>
<p align="justify"><strong>Respect <em><br /></em></strong>Nous essayons de veiller au bien être de tous.<br />Nous apprenons à respecter les opinions de chacun sans chercher à imposer les nôtres et ce dans tous les domaines : politique, religion, santé, cuisine &#8230;<br /><strong><span style="color: #800080;">Respect</span></strong><br /><span style="color: #800080;">We try to ensure the well-being of all of us.</span><br /><span style="color: #800080;">We learn to respect everyone&#8217;s opinions without trying to impose our own in all areas: politics, religion, health, cooking &#8230;</span></p>
<p align="justify"><strong>Le silence<br /></strong>Nous respectons le silence du lieu. En particulier, un silence attentif est observé du début de la méditation du soir à la fin de la méditation du matin.<br />Les smartphones et autres dispositifs connectés sont laissés dans les chambres. <br /><span style="color: #800080;"><strong>The silence</strong></span><br /><span style="color: #800080;">We respect the silence of the place. In particular, attentive silence is observed from the start of the evening meditation until the end of the morning meditation.</span><br /><span style="color: #800080;">Smartphones and other connected devices are left in the rooms.</span></p>
<p><strong>Un exemple de planning des journées<br />(les parties en italique vert sont optionnelles, discutées avant le début du séjour)<br /></strong><strong>matinée :<br /></strong>7H à 8H :  <em>yoga &#8211;</em> <em>méditation </em><br /><em> 8H Petit déjeuner</em><br /><em>9h30 cuisine et travaux ménagers<br /><span style="color: #008000;">10h30 méditations assise et marchée  </span> <br />12H15 préparation du déjeuner<br />12H45 déjeuner<br /></em><strong>après midi :</strong><br /><span style="color: #008000;"><em>15H méditations assise et marchée (parfois promenade méditative)<br />17H  </em></span><em><span style="color: #008000;">film ou enseignement ou yoga</span> <span style="color: #008000;">ou autre activité<br /></span></em><strong>soirée :</strong><br /><em>18H00 préparation du diner<br /></em><i></i><i>18H45</i><i> dîner léger<br /><span style="color: #008000;">20H00 <em>selon les jours :  ballade, film, enseignement audio ou vidéo</em></span><br /></i><i>à partir de 21H jusqu&#8217;à 22H :</i><i> méditation assise </i><i><br /></i><i>22H</i><i> repos<br /></i><i>silence jusqu&#8217;à 8H le lendemain</i></p>
<h6 align="justify"><strong>Vous souhaitez faire un séjour individuel ?<br /></strong><span style="color: #993366;">Would you like to make an individual stay?</span></h6>
<p align="justify">Les séjours individuels proposés par l&#8217;association sont adaptés aussi bien aux personnes avec très peu d&#8217;expérience en méditation qu&#8217;aux méditants expérimentés. Lorsque cela peut s&#8217;avérer intéressant, des séances de méditations guidées peuvent être organisées. De même, des enseignements vidéos ou au visionnage de films liés à la vie en pleine présence peuvent être proposés. Les séjours sont entièrement offerts par l&#8217;association (hébergement et restauration). En fin de séjour, vous pouvez <a href="https://meditentramis.net/index.php/association-meditentramis/">faire un don à l&#8217;association</a> pour financer les séjours de ceux qui vous suivront.<br /><span style="color: #800080;">The individual stays offered by the association are suitable for people with very little experience in meditation as well as experienced meditators. When it may be interesting, guided meditation sessions can be arranged. Similarly, video lessons or the viewing of films related to life in full presence can be offered. Stays are offered by the association (accommodation and catering). At the end of your stay, you can <a style="color: #800080;" href="https://meditentramis.net/index.php/association-meditentramis/">make a donation to the association</a> to finance the stays of those who will follow you.</span></p>
<div data-size="s"> </div>
<p align="justify"><span style="color: #000000;">Si vous êtes intéressés par un séjour individuel, nous vous remercions de <a href="https://meditentramis.net/index.php/contacter/">contacter l&#8217;association</a>. Nous discuterons et déciderons des dates et de la durée de ce séjour. Vous pouvez également voir <a href="https://meditentramis.net/index.php/temoignages-apres-un-sejour-individuel/">quelques témoignages</a> de personnes ayant fait un tel séjour.<br /></span><span style="color: #800080;"><span class="VIiyi" lang="en"><span class="JLqJ4b ChMk0b" data-language-for-alternatives="en" data-language-to-translate-into="fr" data-phrase-index="0">If you are interested in an individual stay, please </span><span class="JLqJ4b ChMk0b" data-language-for-alternatives="en" data-language-to-translate-into="fr" data-phrase-index="1"><a style="color: #800080;" href="https://meditentramis.net/index.php/contacter/">contact us</a>.</span> <span class="JLqJ4b ChMk0b" data-language-for-alternatives="en" data-language-to-translate-into="fr" data-phrase-index="2">We will discuss and decide on the dates and duration of this stay. </span></span>You can also see <a style="color: #800080;" href="https://meditentramis.net/index.php/temoignages-apres-un-sejour-individuel/">some testimonials</a> (in french language) from people who have made such a stay.</span></p>
<p align="justify"><span style="color: #0000ff;"> </span></p>


<p></p>

<p>Individual stays at Yannick&#8217;s This page is written in french and in english. Cette page est écrite en francais et en anglais. Les séjours individuels sont des retraites individuelles et constituent une des activités proposées dans le cadre du projet Medit&#8217;Entr&#8217;Amis. Yannick peut recevoir pour quelques jours (4 jours minimum) des personnes intéressées par un &hellip; <a href="https://meditentramis.net/index.php/retraites-individuelles-a-la-mudita/" class="more-link">Continue reading<span class="screen-reader-text"> &#8220;Séjours individuels chez Yannick à La Muditā&#8221;</span></a></p>
