{"id":2705,"date":"2021-09-20T18:33:53","date_gmt":"2021-09-20T16:33:53","guid":{"rendered":"https:\/\/meditentramis.net\/?page_id=2705"},"modified":"2024-06-14T14:52:51","modified_gmt":"2024-06-14T12:52:51","slug":"association-meditentramis","status":"publish","type":"page","link":"https:\/\/meditentramis.net\/index.php\/association-meditentramis\/","title":{"rendered":"Le projet Medit&#8217;Entr&#8217;Amis"},"content":{"rendered":"\n<p class=\"has-medium-font-size\"><mark style=\"background-color:rgba(0, 0, 0, 0);color:#800080\" class=\"has-inline-color\"><strong>The Medit&#8217;Entr&#8217;Amis project<\/strong><\/mark><em><strong> <mark style=\"background-color:rgba(0, 0, 0, 0);color:#800080\" class=\"has-inline-color\">(English version below)<\/mark><\/strong><\/em><\/p>\n\n\n<table border=\"0\">\n<tbody>\n<tr>\n<td width=\"50%&quot;\"><img loading=\"lazy\" decoding=\"async\" class=\"alignnone size-large wp-image-2566\" src=\"https:\/\/meditentramis.net\/wp-content\/uploads\/2021\/08\/IMG-20210805-WA0033-1024x576.jpg\" alt=\"\" width=\"840\" height=\"473\" srcset=\"https:\/\/meditentramis.net\/wp-content\/uploads\/2021\/08\/IMG-20210805-WA0033-1024x576.jpg 1024w, https:\/\/meditentramis.net\/wp-content\/uploads\/2021\/08\/IMG-20210805-WA0033-300x169.jpg 300w, https:\/\/meditentramis.net\/wp-content\/uploads\/2021\/08\/IMG-20210805-WA0033-768x432.jpg 768w, https:\/\/meditentramis.net\/wp-content\/uploads\/2021\/08\/IMG-20210805-WA0033-1536x864.jpg 1536w, https:\/\/meditentramis.net\/wp-content\/uploads\/2021\/08\/IMG-20210805-WA0033-1200x675.jpg 1200w, https:\/\/meditentramis.net\/wp-content\/uploads\/2021\/08\/IMG-20210805-WA0033-1320x742.jpg 1320w, https:\/\/meditentramis.net\/wp-content\/uploads\/2021\/08\/IMG-20210805-WA0033.jpg 1599w\" sizes=\"(max-width: 709px) 85vw, (max-width: 909px) 67vw, (max-width: 1362px) 62vw, 840px\" \/><\/td>\n<td width=\"50%&quot;\"><img loading=\"lazy\" decoding=\"async\" class=\"alignnone size-full wp-image-2124\" src=\"https:\/\/meditentramis.net\/wp-content\/uploads\/2021\/05\/IMG_3247.jpg\" alt=\"\" width=\"245\" height=\"327\" srcset=\"https:\/\/meditentramis.net\/wp-content\/uploads\/2021\/05\/IMG_3247.jpg 245w, https:\/\/meditentramis.net\/wp-content\/uploads\/2021\/05\/IMG_3247-225x300.jpg 225w\" sizes=\"(max-width: 245px) 85vw, 245px\" \/><\/td>\n<\/tr>\n<\/tbody>\n<\/table>\n<p><em><br \/>Savoir accepter et appr\u00e9cier la vie telle qu\u2019elle est, maintenant. Cultiver les qualit\u00e9s de bienveillance, de compassion, de tol\u00e9rance, de respect de soi et des autres. Vivre au contact de la nature. Vivre une vie o\u00f9 la spiritualit\u00e9 a toute sa place, une spiritualit\u00e9 la\u00efque, non sectaire ouverte \u00e0 tous avec une \u00e9thique de vie contemporaine.<\/em><\/p>\n<div>\n<p>Medit\u2019Entr\u2019Amis est une association sans but lucratif qui a pour objectif de proposer des activit\u00e9s et s\u00e9jours portant sur la <a href=\"https:\/\/meditentramis.net\/index.php\/meditation-en-pleine-conscience\/\">m\u00e9ditation en pleine conscience<\/a> et sur la vie en pleine pr\u00e9sence dans une vision et une pratique la\u00efques et non sectaires.<\/p>\n<p><strong>Contact, <\/strong><strong>adh\u00e9sion, don <\/strong>:<br \/>Courriel : contact@meditentramis.net<br \/><a href=\"https:\/\/www.helloasso.com\/associations\/medit-entr-amis\/adhesions\/adhesion-a-l-association-1\">L\u2019adh\u00e9sion annuelle (10\u20ac ou 20\u20ac)<\/a> peut se faire en ligne sur le site helloasso.<br \/>Vous pouvez faire <a href=\"https:\/\/www.helloasso.com\/associations\/medit-entr-amis\/formulaires\/4\">un don \u00e0 l&#8217;association<\/a> sur le site helloasso<br \/>Vous trouverez en bas de cette page un formulaire pour vous inscrire \u00e0 la newsletter mensuelle de l&#8217;association.<\/p>\n<\/div>\n<p><strong>Activit\u00e9s propos\u00e9es par l&#8217;association :<\/strong> <br \/>Les activit\u00e9s propos\u00e9es par l&#8217;association MeditEntrAmis <br \/>&#8211; donnent toujours lieu \u00e0<strong> des moments de pratique de la m\u00e9ditation de pleine conscience<\/strong>,<br \/>&#8211; sont des moments de <strong>vie communautaire. <\/strong>Cela se traduit en particulier s&#8217;il y a lieu par une participation de chacun \u00e0 diff\u00e9rentes t\u00e2ches telles que pr\u00e9parer les repas, faire la vaisselle et, pour les s\u00e9jours, participer aux t\u00e2ches m\u00e9nag\u00e8res,<br \/>&#8211; sont <strong>ouverts \u00e0 toutes les personnes int\u00e9ress\u00e9es<\/strong>, <span class=\"tlid-translation translation\" lang=\"fr\"><span class=\"\" title=\"\">de tous \u00e2ges, ethnies, patrimoines culturels et religieux, groupes socio-\u00e9conomiques, orientations sexuelles et identit\u00e9s de genre<strong>,<\/strong><\/span><\/span><br \/>&#8211; sont propos\u00e9es <strong>gratuitement<\/strong>. Pour les s\u00e9jours de groupe, les courses pour les repas sont faites en d\u00e9but de s\u00e9jour et la note est alors partag\u00e9e entre les participants. L&#8217;association fonctionne uniquement gr\u00e2ce aux adh\u00e9sions et aux dons de ses membres.<\/p>\n<p><strong>Elles ont lieu<\/strong> le plus souvent au domicile d&#8217;adh\u00e9rents de l&#8217;association et en particulier \u00e0 des endroits situ\u00e9s en Bretagne dans le sud du Finist\u00e8re.<\/p>\n\n\n<p><\/p>\n\n\n\n<p><mark style=\"background-color:rgba(0, 0, 0, 0);color:#800080\" class=\"has-inline-color\">English version<\/mark><\/p>\n\n\n\n<p><mark style=\"background-color:rgba(0, 0, 0, 0);color:#800080\" class=\"has-inline-color\"><em>Knowing how to accept and appreciate life as it is, now. Cultivate the qualities of benevolence, compassion, tolerance, respect for oneself and others. Live in contact with nature. Live a life where spirituality has its place, a secular, non-sectarian spirituality open to all with a contemporary ethic of life. <\/em><br><br>Medit&#8217;Entr&#8217;Amis is an association which aims to offer group activities on <a href=\"https:\/\/meditentramis.net\/index.php\/mindfulness-meditation\/\" data-type=\"page\" data-id=\"1437\">mindfulness meditation<\/a> and life in full presence.<br><br><strong>Contact, membership, donation:<\/strong><br>Email: contact@meditentramis.net <br>Annual membership (\u20ac 10) <a href=\"https:\/\/www.helloasso.com\/associations\/medit-entr-amis\/adhesions\/adhesion-a-l-association-1\">can be done online<\/a> on the helloasso site.<br>You can <a href=\"https:\/\/www.helloasso.com\/associations\/medit-entr-amis\/formulaires\/4\">make a donation<\/a> to the association on the helloasso website<\/mark><br><mark style=\"background-color:rgba(0, 0, 0, 0);color:#800080\" class=\"has-inline-color\">You can find at the bottom of this page a form to subscribe to the association&#8217;s monthly newsletter.<br><br><strong>Activities offered by the association:<\/strong><br>The activities offered by the MeditEntrAmis association <br>&#8211; always give rise to moments of mindfulness meditation practice.<br>&#8211; are moments of community life. This is reflected in particular by everyone participating in different tasks such as preparing meals, washing dishes and, for stays, participating in household chores,<br>&#8211; are open to all interested people, of all ages, ethnicities, cultural and religious heritage, socio-economic groups, sexual orientations and gender identities,<br>&#8211; are offered free of charge. For group stays, shopping for meals is sometimes done at the beginning of the stay and the note is then shared between the participants. The association operates only through memberships and donations from its members.<br><br>They most often take place at the homes of members of the association and in particular at places located in Brittany in the south of Finist\u00e8re. <\/mark><\/p>\n\n\n\n<p><\/p>\n\n\n\n<p><\/p>\n\n\n\n<p><strong>[mailpoet_form id=&#8221;3&#8243;]<\/strong><\/p>\n","protected":false},"excerpt":{"rendered":"<p>The Medit&#8217;Entr&#8217;Amis project (English version below) Savoir accepter et appr\u00e9cier la vie telle qu\u2019elle est, maintenant. Cultiver les qualit\u00e9s de bienveillance, de compassion, de tol\u00e9rance, de respect de soi et des autres. Vivre au contact de la nature. Vivre une vie o\u00f9 la spiritualit\u00e9 a toute sa place, une spiritualit\u00e9 la\u00efque, non sectaire ouverte \u00e0 &hellip; <a href=\"https:\/\/meditentramis.net\/index.php\/association-meditentramis\/\" class=\"more-link\">Continue reading<span class=\"screen-reader-text\"> &#8220;Le projet Medit&#8217;Entr&#8217;Amis&#8221;<\/span><\/a><\/p>\n","protected":false},"author":1,"featured_media":0,"parent":0,"menu_order":0,"comment_status":"closed","ping_status":"closed","template":"","meta":{"footnotes":""},"_links":{"self":[{"href":"https:\/\/meditentramis.net\/index.php\/wp-json\/wp\/v2\/pages\/2705"}],"collection":[{"href":"https:\/\/meditentramis.net\/index.php\/wp-json\/wp\/v2\/pages"}],"about":[{"href":"https:\/\/meditentramis.net\/index.php\/wp-json\/wp\/v2\/types\/page"}],"author":[{"embeddable":true,"href":"https:\/\/meditentramis.net\/index.php\/wp-json\/wp\/v2\/users\/1"}],"replies":[{"embeddable":true,"href":"https:\/\/meditentramis.net\/index.php\/wp-json\/wp\/v2\/comments?post=2705"}],"version-history":[{"count":43,"href":"https:\/\/meditentramis.net\/index.php\/wp-json\/wp\/v2\/pages\/2705\/revisions"}],"predecessor-version":[{"id":3749,"href":"https:\/\/meditentramis.net\/index.php\/wp-json\/wp\/v2\/pages\/2705\/revisions\/3749"}],"wp:attachment":[{"href":"https:\/\/meditentramis.net\/index.php\/wp-json\/wp\/v2\/media?parent=2705"}],"curies":[{"name":"wp","href":"https:\/\/api.w.org\/{rel}","templated":true}]}}

<p class="has-medium-font-size"><mark style="background-color:rgba(0, 0, 0, 0);color:#800080" class="has-inline-color"><strong>The Medit&#8217;Entr&#8217;Amis project</strong></mark><em><strong> <mark style="background-color:rgba(0, 0, 0, 0);color:#800080" class="has-inline-color">(English version below)</mark></strong></em></p>


<table border="0">
<tbody>
<tr>
<td width="50%&quot;"><img loading="lazy" decoding="async" class="alignnone size-large wp-image-2566" src="https://meditentramis.net/wp-content/uploads/2021/08/IMG-20210805-WA0033-1024x576.jpg" alt="" width="840" height="473" srcset="https://meditentramis.net/wp-content/uploads/2021/08/IMG-20210805-WA0033-1024x576.jpg 1024w, https://meditentramis.net/wp-content/uploads/2021/08/IMG-20210805-WA0033-300x169.jpg 300w, https://meditentramis.net/wp-content/uploads/2021/08/IMG-20210805-WA0033-768x432.jpg 768w, https://meditentramis.net/wp-content/uploads/2021/08/IMG-20210805-WA0033-1536x864.jpg 1536w, https://meditentramis.net/wp-content/uploads/2021/08/IMG-20210805-WA0033-1200x675.jpg 1200w, https://meditentramis.net/wp-content/uploads/2021/08/IMG-20210805-WA0033-1320x742.jpg 1320w, https://meditentramis.net/wp-content/uploads/2021/08/IMG-20210805-WA0033.jpg 1599w" sizes="(max-width: 709px) 85vw, (max-width: 909px) 67vw, (max-width: 1362px) 62vw, 840px" /></td>
<td width="50%&quot;"><img loading="lazy" decoding="async" class="alignnone size-full wp-image-2124" src="https://meditentramis.net/wp-content/uploads/2021/05/IMG_3247.jpg" alt="" width="245" height="327" srcset="https://meditentramis.net/wp-content/uploads/2021/05/IMG_3247.jpg 245w, https://meditentramis.net/wp-content/uploads/2021/05/IMG_3247-225x300.jpg 225w" sizes="(max-width: 245px) 85vw, 245px" /></td>
</tr>
</tbody>
</table>
<p><em><br />Savoir accepter et apprécier la vie telle qu’elle est, maintenant. Cultiver les qualités de bienveillance, de compassion, de tolérance, de respect de soi et des autres. Vivre au contact de la nature. Vivre une vie où la spiritualité a toute sa place, une spiritualité laïque, non sectaire ouverte à tous avec une éthique de vie contemporaine.</em></p>
<div>
<p>Medit’Entr’Amis est une association sans but lucratif qui a pour objectif de proposer des activités et séjours portant sur la <a href="https://meditentramis.net/index.php/meditation-en-pleine-conscience/">méditation en pleine conscience</a> et sur la vie en pleine présence dans une vision et une pratique laïques et non sectaires.</p>
<p><strong>Contact, </strong><strong>adhésion, don </strong>:<br />Courriel : contact@meditentramis.net<br /><a href="https://www.helloasso.com/associations/medit-entr-amis/adhesions/adhesion-a-l-association-1">L’adhésion annuelle (10€ ou 20€)</a> peut se faire en ligne sur le site helloasso.<br />Vous pouvez faire <a href="https://www.helloasso.com/associations/medit-entr-amis/formulaires/4">un don à l&#8217;association</a> sur le site helloasso<br />Vous trouverez en bas de cette page un formulaire pour vous inscrire à la newsletter mensuelle de l&#8217;association.</p>
</div>
<p><strong>Activités proposées par l&#8217;association :</strong> <br />Les activités proposées par l&#8217;association MeditEntrAmis <br />&#8211; donnent toujours lieu à<strong> des moments de pratique de la méditation de pleine conscience</strong>,<br />&#8211; sont des moments de <strong>vie communautaire. </strong>Cela se traduit en particulier s&#8217;il y a lieu par une participation de chacun à différentes tâches telles que préparer les repas, faire la vaisselle et, pour les séjours, participer aux tâches ménagères,<br />&#8211; sont <strong>ouverts à toutes les personnes intéressées</strong>, <span class="tlid-translation translation" lang="fr"><span class="" title="">de tous âges, ethnies, patrimoines culturels et religieux, groupes socio-économiques, orientations sexuelles et identités de genre<strong>,</strong></span></span><br />&#8211; sont proposées <strong>gratuitement</strong>. Pour les séjours de groupe, les courses pour les repas sont faites en début de séjour et la note est alors partagée entre les participants. L&#8217;association fonctionne uniquement grâce aux adhésions et aux dons de ses membres.</p>
<p><strong>Elles ont lieu</strong> le plus souvent au domicile d&#8217;adhérents de l&#8217;association et en particulier à des endroits situés en Bretagne dans le sud du Finistère.</p>


<p></p>



<p><mark style="background-color:rgba(0, 0, 0, 0);color:#800080" class="has-inline-color">English version</mark></p>



<p><mark style="background-color:rgba(0, 0, 0, 0);color:#800080" class="has-inline-color"><em>Knowing how to accept and appreciate life as it is, now. Cultivate the qualities of benevolence, compassion, tolerance, respect for oneself and others. Live in contact with nature. Live a life where spirituality has its place, a secular, non-sectarian spirituality open to all with a contemporary ethic of life. </em><br><br>Medit&#8217;Entr&#8217;Amis is an association which aims to offer group activities on <a href="https://meditentramis.net/index.php/mindfulness-meditation/" data-type="page" data-id="1437">mindfulness meditation</a> and life in full presence.<br><br><strong>Contact, membership, donation:</strong><br>Email: contact@meditentramis.net <br>Annual membership (€ 10) <a href="https://www.helloasso.com/associations/medit-entr-amis/adhesions/adhesion-a-l-association-1">can be done online</a> on the helloasso site.<br>You can <a href="https://www.helloasso.com/associations/medit-entr-amis/formulaires/4">make a donation</a> to the association on the helloasso website</mark><br><mark style="background-color:rgba(0, 0, 0, 0);color:#800080" class="has-inline-color">You can find at the bottom of this page a form to subscribe to the association&#8217;s monthly newsletter.<br><br><strong>Activities offered by the association:</strong><br>The activities offered by the MeditEntrAmis association <br>&#8211; always give rise to moments of mindfulness meditation practice.<br>&#8211; are moments of community life. This is reflected in particular by everyone participating in different tasks such as preparing meals, washing dishes and, for stays, participating in household chores,<br>&#8211; are open to all interested people, of all ages, ethnicities, cultural and religious heritage, socio-economic groups, sexual orientations and gender identities,<br>&#8211; are offered free of charge. For group stays, shopping for meals is sometimes done at the beginning of the stay and the note is then shared between the participants. The association operates only through memberships and donations from its members.<br><br>They most often take place at the homes of members of the association and in particular at places located in Brittany in the south of Finistère. </mark></p>



<p></p>



<p></p>



<p><strong>[mailpoet_form id=&#8221;3&#8243;]</strong></p>

<p>The Medit&#8217;Entr&#8217;Amis project (English version below) Savoir accepter et apprécier la vie telle qu’elle est, maintenant. Cultiver les qualités de bienveillance, de compassion, de tolérance, de respect de soi et des autres. Vivre au contact de la nature. Vivre une vie où la spiritualité a toute sa place, une spiritualité laïque, non sectaire ouverte à &hellip; <a href="https://meditentramis.net/index.php/association-meditentramis/" class="more-link">Continue reading<span class="screen-reader-text"> &#8220;Le projet Medit&#8217;Entr&#8217;Amis&#8221;</span></a></p>
